3 + 7*p**2 + 6*p + 4. Let v be s(-6). What is the units digit of ((-46)/v)/(5/(-10))?
3
Suppose 3*r - 8 = 1. Let h be r/15 - 49/(-5). What is the units digit of (h/(-3))/((-2)/3)?
5
Let u be 4/(-18) + (-87)/(-27). Let i(y) = -4*y. Let n be i(1). Let f = u - n. What is the units digit of f?
7
Let n(r) = -r**2 - 3*r - 1. Let p be n(-5). Let k be ((-3)/2)/(1/(-14)). Let l = k + p. What is the tens digit of l?
1
Suppose 10*h - 5*h = 55. Let s = 18 - h. What is the units digit of s?
7
Let a = -11 + 18. Let f = a + 33. What is the tens digit of f?
4
Let l = -26 - -24. What is the units digit of 2/6*15 + l?
3
Suppose 0 = 3*x - 3*p - 15, -5*p + p = -3*x + 17. What is the units digit of x/(3 - 6) + 10?
9
Suppose 4*z = 5*z - 125. What is the tens digit of z?
2
Suppose -3*z + 67 = -2*z. What is the units digit of z?
7
Suppose -4*y + 64 = -12. What is the units digit of y?
9
Let h(t) = 115*t**2. What is the units digit of h(1)?
5
Suppose -t + 46 + 32 = 0. Suppose 2*v - 5*v + t = 0. What is the tens digit of v?
2
Let o(b) = -b**3 + 10*b**2 + 12*b + 13. What is the units digit of o(9)?
2
Let s = 18 - 10. Suppose -4*z + 46 = -202. What is the units digit of z/s - 1/(-4)?
8
Suppose -5*m + 30 = -0*m. Let s(c) = -2*c + 8. Let f be s(6). What is the tens digit of 40/(-6)*m/f?
1
Let u be (-12)/8 - 5/(-2). Let z be (-15)/(u/2 + -1). What is the tens digit of (5/(-2))/((-5)/z)?
1
Let s(a) = 6*a - 2. What is the units digit of s(1)?
4
Let a be (-6)/(-4)*8/6. Suppose 0*w = -2*m - a*w + 18, -39 = -4*m - 3*w. What is the tens digit of m?
1
Let p be 17 - (8/(-4))/(-2). Suppose -p = -8*q + 6*q. What is the units digit of q?
8
Suppose u + 0*j = j + 25, -76 = -3*u + 4*j. What is the units digit of u?
4
Let v = 117 - 62. What is the units digit of v?
5
Let w(c) = -c**2 + 5*c - 3. Let z be w(4). What is the tens digit of -1*(z - 0)*-16?
1
Let p(z) = -3*z - 4. Let s(w) = -6*w**3 + 3*w**3 - w - w**2 + 2*w**3 - 3. Let i be s(0). What is the units digit of p(i)?
5
Suppose 3*s - 4*f = 2, -3 = -s + 4*f - 5. Suppose s*c - 93 = -c. What is the tens digit of c?
3
Let x(b) = -3*b**3 + 3*b**2 + b - 2. What is the hundreds digit of x(-3)?
1
Let d(h) = 5*h - 10. Let w be (-8)/(-40) + 88/10. What is the tens digit of d(w)?
3
Let j = 631 + -344. What is the hundreds digit of j?
2
Let m = 97 - 47. Let i = m + -22. What is the units digit of i?
8
Suppose -r + 4*h - 2 = 0, 0 = 2*r - 2*h - 2 - 0. Suppose l = -d + r, 0 = 4*l - d - 5 + 2. What is the units digit of l?
1
Let p(i) = -i**3 + i**2 + 5*i - 3. Let k be p(3). What is the tens digit of 3/k*-7*4?
1
Let x(a) = a**3 + a. Let o be x(1). Suppose o*j - 175 = -3*j. What is the units digit of j?
5
Let p(h) = -5*h**3 + 2*h**2 - 2*h + 1. Let f be p(1). Let w = f + 5. What is the units digit of w?
1
Suppose 4*o = -o - 4*t + 158, 2*o + 4*t - 68 = 0. What is the units digit of o?
0
Suppose 8*p - 156 = 4*p. What is the units digit of p?
9
Suppose -x + 286 = 3*o + x, 4*x - 290 = -3*o. What is the tens digit of o?
9
Let g(r) = -5*r - 11. Let x be g(-6). Suppose f - 12 = x. What is the tens digit of f?
3
Suppose -w - 10 = -6*w. Let p be (-1)/w + (-3)/(-6). Suppose p = r - 4 + 3. What is the units digit of r?
1
What is the units digit of 27 + (-2 + 0)/2?
6
Let h = -10 - -14. Suppose -4*d + a + 12 = 0, -3*a = 3*d - 5*d - h. What is the units digit of d?
4
Let t be (-80)/(-12)*(-3)/(-2). Suppose o - t = -5. What is the units digit of o?
5
Suppose a - 28 = 1. What is the units digit of a?
9
Let l = -4 + 6. Suppose 5*h = -5*s - 135, -4*s - l*h = -9*s - 135. What is the units digit of s/6*(-6)/9?
3
Let u be (1/2)/(3/(-30)). Let g(d) = -d + 4. Let w be g(u). Suppose 57 = 4*x + w. What is the tens digit of x?
1
Let r = 78 - 73. What is the units digit of r?
5
Let p(y) = y + 4. Let d be p(-5). Let q = 4 + d. Suppose 95 = -q*t + 8*t. What is the units digit of t?
9
Let a = 2 + 2. What is the units digit of 24/30*90/a?
8
Let r(w) = 50 + 2*w - w - 21. What is the tens digit of r(-12)?
1
Let t = -12 - -21. Let h = -4 + t. Let j = 10 - h. What is the units digit of j?
5
What is the tens digit of 109 - (-5 + -2 + 6)?
1
Let j(l) = -l**2 + 12*l - 7. What is the units digit of j(11)?
4
Let q(z) = z + 9. Let u be q(-5). Suppose 9 = 4*l - l. Suppose j + 2 = u*j - 5*b, l*b + 30 = 5*j. What is the units digit of j?
9
Suppose 7*m - 68 = 5*m. What is the tens digit of m?
3
Suppose 21 = y - 2. What is the tens digit of y?
2
Let k(h) = -3*h. What is the units digit of k(-5)?
5
Suppose -2*v - n = -45, 2*v - 55 = -4*n + 5*n. What is the tens digit of v?
2
Let o(z) = z**2 + 3*z - 9. Let r be o(-6). Let g(i) be the second derivative of -i**3/6 + 7*i**2 + 2*i. What is the units digit of g(r)?
5
Suppose -2*m + 5*m - 645 = 0. What is the hundreds digit of m?
2
Let h(f) be the second derivative of f**3/6 - f**2 - 2*f. What is the units digit of h(6)?
4
Let x = 143 - 71. What is the units digit of x?
2
Let r be ((-6)/(-5))/((-16)/(-40)). Suppose -r = f - 11. What is the units digit of f?
8
Let w(h) = -2*h - 6. Let p = -11 - -6. Let l be w(p). Suppose -2*t = -l*z - 24, 0 = -t - t - 2*z. What is the units digit of t?
4
Suppose -5*q + 4*z = 569 - 1706, -2*q + 448 = -5*z. What is the units digit of q?
9
Let p be ((-15)/(-10))/((-1)/(-2)). Suppose -2*b - 34 = -p*b. Suppose 3*i + 16 = j, 4*j - b = j + 2*i. What is the tens digit of j?
1
Let f = -7 + 11. Let h(o) = -o**3 - o**2 + 0*o**2 + 2*o**3 - o + f. What is the units digit of h(0)?
4
Suppose 3 + 1 = -2*u. Let y(j) = -j**3 + 6*j**2 + 2*j - 6. Let i be y(6). Let g = i - u. What is the units digit of g?
8
Let o = 120 - 83. Suppose -5*m = -o + 7. What is the units digit of m?
6
Let w be (-2)/5 - (-12)/5. Suppose 4*t = -4*c + 18 + w, 5*c + 4*t = 22. What is the units digit of c?
2
Suppose -j = 4*s - 19, 0 = -j - 3*s + 8*s + 55. Let r = -22 + j. Let i = r + -5. What is the units digit of i?
8
Suppose 0 = 3*h + 2*h + 4*l - 22, -l = 3*h - 9. Suppose 14 = s - h*d - 0, -d + 11 = s. Let t(j) = j**2 - 9*j - 16. What is the units digit of t(s)?
0
Let u be (1 + -3)/((-1)/10). Suppose -3*d + u = 5*o, -4*d + 10 = -2*d. What is the units digit of o?
1
Let n(w) = 4*w - 2. Let y(q) = 9*q - 4. Let m(u) = -5*n(u) + 2*y(u). Let k be m(-2). Let i = -4 + k. What is the units digit of i?
2
Let y = -102 - -231. What is the tens digit of y?
2
Suppose -4*c + 106 - 18 = 0. Suppose -3*g = 5*m - 23 - c, -g = -m - 7. What is the tens digit of g?
1
Let b(r) = -5*r. Suppose 2*x + 4 = -0*x. What is the units digit of b(x)?
0
Suppose -4*l = i - 7 + 1, -5*l + 4 = 3*i. Suppose l*s - 14 = 2*t, 4*t + t = -3*s + 13. What is the units digit of s?
6
Suppose 5*z = 29 + 166. Suppose h + 2*h - z = 0. Suppose -5*q = -h - 22. What is the units digit of q?
7
What is the units digit of (-11)/(-22) - 2/(-4)?
1
Let d(y) be the first derivative of -y**3/3 - y**2/2 + 6*y + 3. Let c be d(0). Let i = c - 5. What is the units digit of i?
1
Let z = -1 + 4. Suppose -2*a = -z*a - 2. What is the units digit of (-99)/(-15) - a/5?
7
Suppose -2*r + 299 = 67. What is the units digit of r?
6
Let t = 16 + -13. What is the units digit of t?
3
What is the units digit of ((-54)/5)/3*(-10)/2?
8
Let n = 5 - 0. What is the units digit of n?
5
Let f(w) = -w**2 - 7*w + 6. Let n be f(-7). Suppose 2*t - 6 = 0, a + 2*t = n*t + 22. What is the tens digit of a?
3
Let n(c) = c**2 + c - 3. Suppose 10 = 5*p, 2*p - 1 = -3*y + 4*y. Let q = y - 6. What is the units digit of n(q)?
3
Let u(w) = w - 15. Let g be u(11). What is the tens digit of g/(-6) - (-770)/33?
2
Suppose 10*b = 804 + 296. What is the tens digit of b?
1
Suppose 4*i + 44 = -44. Let w = -3 - i. What is the tens digit of w?
1
Let r = 2 - -1. Suppose -18 = -3*a + r*u, -a - 4*a + 21 = 4*u. Suppose -q + 6*q = a. What is the units digit of q?
1
Suppose -20 = 5*c + 4*o - 6*o, -o = 3*c + 1. Let f(w) = w**3 + 4*w**2 + 2*w - 2. What is the units digit of f(c)?
2
What is the units digit of 4 + (-1 - (2 - 4))?
5
What is the tens digit of 2/(-6)*(-165 + 12)?
5
Let i = -17 + 35. Suppose -3*f + f + i = 0. What is the units digit of f?
9
Let u(h) = -h**3 - 2*h**2 - h - 3. Let p = -8 + 5. Let c be u(p). What is the units digit of (-8)/(-36) - (-97)/c?
1
Let y(w) = 25*w**2 - 3 + w - 1 + 6. What is the tens digit of y(-1)?
2
Suppose -3*j + 9 + 10 = 2*s, 2*j = 2*s - 4. Supp